prime factors of a(-1).
2, 3
Suppose -4*i - 30*b + 29*b + 174182 = 0, 174170 = 4*i - 5*b. What are the prime factors of i?
3, 5, 2903
Suppose -4*b - 16*q = -18*q - 105012, 10 = -5*q. List the prime factors of b.
2, 6563
Suppose 0 = -3*s + 7 - 4. Let l be 33/s + (-11 - -13). List the prime factors of (-1*l)/(5 - 6).
5, 7
Let h = 13972 + -9176. What are the prime factors of h?
2, 11, 109
Let f(s) = -1449*s - 1334. Let t(c) = 50*c + 46. Let l(z) = -4*f(z) - 115*t(z). Let a be l(14). Suppose 0 = -4*x + a - 94. List the prime factors of x.
149
Suppose 0 = -5*y + 3*v + 95, -3*y - 5*v + 53 = -4. Let m be 6/4*28/3. Let r = m + y. List the prime factors of r.
3, 11
Suppose -11*g - 6*g + 122044 + 161499 = 0. What are the prime factors of g?
13, 1283
Let l(z) = 7921*z + 1373. What are the prime factors of l(7)?
2, 3, 5, 947
Suppose -8 = 94*t - 98*t. Suppose 6*f + w - 11 = f, 2*f = 5*w - 1. Suppose t*k - k = f, -2*j + k + 122 = 0. What are the prime factors of j?
2, 31
Suppose 0 = -13*c + 9*c. Suppose -h + 2*f - 3*f - 2 = c, 0 = -5*h - f + 6. Suppose -4*l + 5*d = -305, -5*d - 136 = -h*l + 9. List the prime factors of l.
2, 5
Suppose -2200315 = 307*l - 418*l - 340399. What are the prime factors of l?
2, 59, 71
What are the prime factors of (1 + -1 - -7322) + -45*(-66)/(-594)?
3, 271
Suppose 9175 + 6233 = 6*z. What are the prime factors of z?
2, 3, 107
Let w be -5 + 822/36 - 2/(-12). What are the prime factors of w/(-63)*-61*7?
2, 61
Let t = -21654 + 38588. What are the prime factors of t?
2, 8467
Let q = 4080 + 19898. List the prime factors of q.
2, 19, 631
What are the prime factors of (31 + -5)/(4 - 66/18)?
2, 3, 13
Let l(z) = -29*z + 114. Let d be l(4). Let v(m) = 12*m**2 - 2*m - 2. What are the prime factors of v(d)?
2, 5
Suppose 32*v - 143209 = 28023. What are the prime factors of v?
5351
Suppose -s - 1438 = -p + 17963, -4*s + 38796 = 2*p. What are the prime factors of p?
2, 5, 97
Suppose 102*y = 99*y + 23040. Suppose 4*u - y = -20*u. List the prime factors of u.
2, 5
Let q be ((-102)/(-18))/(5/120). Let a = 565 - q. What are the prime factors of a?
3, 11, 13
Suppose 0 = 54*l - 48703 - 29705. What are the prime factors of l?
2, 3, 11
Suppose -44*j - 171 = -47*j. Let m = j - -212. List the prime factors of m.
269
Let d = 4276 + -900. List the prime factors of d.
2, 211
Let d(z) be the second derivative of 0 - 33/2*z**2 + 3*z + 2/3*z**3. List the prime factors of d(24).
3, 7
List the prime factors of -12 + 12/1 + 9340.
2, 5, 467
Let k(l) = -4*l + 56. Let z(c) = 2*c - 28. Let o(d) = 2*k(d) + 5*z(d). Let i be o(9). Let p(v) = -v**3 - 11*v**2 - 11*v + 1. What are the prime factors of p(i)?
11
Let g(n) = -6 - n**2 + 1 + 22 - 18*n. Suppose -100*v + 88*v = 156. What are the prime factors of g(v)?
2, 41
Suppose -1187120 = -772*t + 756*t. What are the prime factors of t?
5, 11, 19, 71
Let o = 46 - 22. Let f = o + -21. What are the prime factors of 6/f*(-175)/(-14)?
5
Suppose 3*o - 15*c - 73893 = 0, 98708 = 4*o - 6*c + 9*c. What are the prime factors of o?
24671
Let f = -2 - -4. Let n(d) = 63*d - 49. Let g(t) = -32*t + 25. Let s(m) = 11*g(m) + 6*n(m). List the prime factors of s(f).
3, 11
What are the prime factors of (7 - -28 - 13451)*4/(-6)?
2, 13, 43
Let t(l) = l**3 + l**2 - 4. Let i be t(-2). What are the prime factors of (-2*(-4)/i)/((-3)/237)?
79
Let x(r) = 3*r**3 - 92*r**2 - 115*r + 21. List the prime factors of x(42).
3, 7, 37, 71
Let p be ((30 - -2) + 0)/(23 + -21). What are the prime factors of 4*(-2 - (-1460)/p)?
3, 7, 17
Let w = -19956 + 47506. List the prime factors of w.
2, 5, 19, 29
Let h be 45/(-45) + 1 + -771 + -1. Let y = -100 - h. List the prime factors of y.
2, 3, 7
Suppose 4*u - 24*c + 25*c = 29667, -c + 7416 = u. What are the prime factors of u?
7417
Suppose -5*l - 126 = -3*t, 3*t + 12*l = 7*l + 96. Suppose -3 - t = -8*w. Suppose 2*d + w = -x + 7*d, -2*x - 3*d + 29 = 0. What are the prime factors of x?
2, 5
Let u(p) = 9*p + 25. Let w be u(3). Let j = w + -44. Let a = 0 + j. What are the prime factors of a?
2
Suppose 26*d - 634480 = -22*d + 32*d. List the prime factors of d.
5, 7, 11, 103
Let z be 7/(-7) - 12/(-1). Let r(h) = 12 + 16*h + 2*h**2 - z*h - h**2. What are the prime factors of r(-5)?
2, 3
Let b = 11297 - 5417. Suppose 0*j - b = -15*j. What are the prime factors of j?
2, 7
Let u(n) = -n**2 + 12*n + 14. Let j be (-20 - -42)*(-2)/(-4). Let o be u(j). Suppose -2*x + 27 = -o. List the prime factors of x.
2, 13
Suppose -4*z + 21 = 3*z. Suppose 3*f + 3*t - 585 = 0, t + 280 = z*f - 305. What are the prime factors of f?
3, 5, 13
List the prime factors of 9*9/270 - (-2991651)/130.
3, 2557
Suppose 258283 = 19*r - 126771. What are the prime factors of r?
2, 10133
Let a(k) = k - 1. Let j(m) = -m**2 - 13*m + 14. Let p(t) = -6*a(t) + j(t). Let x be p(-20). Suppose -s + 5 + 125 = x. List the prime factors of s.
2, 5, 13
Let u(r) be the third derivative of r**4/8 + 2*r**3/3 - 14*r**2. Let z be u(1). Suppose -423 = z*l - 1592. What are the prime factors of l?
167
Let k(t) = 2*t**2 + 33*t - 20. Let r(h) = 2*h**2 + 32*h - 18. Let m(j) = -4*k(j) + 5*r(j). List the prime factors of m(8).
2, 3, 19
Let w(j) = j**3 + 24*j**2 - 6*j + 98. Suppose -107 = 5*p - 0*x - x, -3*p - 81 = 5*x. What are the prime factors of w(p)?
2, 599
Let q be (-3 + 3)*15/60. Suppose -2*u = -3*c - 329, q = -2*u + 4*c + c + 327. List the prime factors of u.
2, 83
Suppose -4*y + 70 = -q + 77, -1 = y. Suppose 4*h + q*c = 3480, 6*h - 3*h + c - 2615 = 0. What are the prime factors of h?
3, 97
Let t(i) be the third derivative of i**6/30 + i**5/5 - i**4/8 - 5*i**3/6 + 2*i**2 - 21. What are the prime factors of t(4)?
431
Suppose 29901 = 5*p + 2*z, 0 = -311*p + 308*p + 2*z + 17931. What are the prime factors of p?
3, 1993
Suppose 3*n - 4*a + 495 = 0, -a + 5*a = 0. Let x(u) = -2*u**3 + 4*u**2 + 99*u - 288. Let p be x(3). Let t = p - n. What are the prime factors of t?
2, 3, 13
Suppose -3*v + 9 = k, k + 2 = 3*v - 1. Suppose -6*p + 4*p + 43 = 5*h, -p + v*h = -8. Suppose 0 = 2*j - p + 6. What are the prime factors of j?
2
Suppose -g - r - 23 = -6*r, 0 = g + 2*r + 58. Suppose -2*p + 62*w + 146 = 64*w, 0 = -3*p - 5*w + 209. Let m = g + p. List the prime factors of m.
2, 3, 5
Let l be (-13 - 23)/(-2 + 61/32). Let i = 665 - l. What are the prime factors of i?
281
Let j(b) = b**3 - 43*b**2 - 173*b + 71. What are the prime factors of j(55)?
2, 3, 373
Suppose 43*r + 64932 - 181892 = 0. What are the prime factors of r?
2, 5, 17
Suppose -126*n + 1534916 = -5661777 - 706027. What are the prime factors of n?
2, 5, 7
Let g(k) = 1461*k**2 + 334*k + 1731. What are the prime factors of g(-5)?
2, 11, 1663
Let p be 16 - 13 - 2/((-2)/(-7)). Let h be p/(-8)*(415 - 3). Let u = h - 13. What are the prime factors of u?
193
Let p(v) = v**2 - 29*v + 174. Let k be p(9). Let i(b) = -7 + 8*b + 12 + 22 + b**2. List the prime factors of i(k).
3, 5
List the prime factors of 9 + -10 + 14 - -7548.
7561
Suppose 63 = -48*w + 57*w. Suppose -418 = -w*n + 884. What are the prime factors of n?
2, 3, 31
Suppose -4*y - 91117 = -4*x + 14047, 2*y - 105116 = -4*x. List the prime factors of x.
3, 8761
Let p = 54 - 30. Let d = 27 - p. Suppose 2*k + d*u + 0 - 28 = 0, -42 = -3*k - u. List the prime factors of k.
2, 7
Let v(p) = 172*p + 322. List the prime factors of v(15).
2, 1451
Suppose 2*r = 4*s - 26, 2*s - 3 = -s - 4*r. Let q(j) be the third derivative of j**6/120 - 5*j**4/12 + 4*j**3 + j**2. List the prime factors of q(s).
3, 11
Let w(u) = -91*u - 653. List the prime factors of w(-47).
2, 3, 151
Let s(k) = 3183*k**2 + 387*k + 54. List the prime factors of s(-4).
2, 3, 7, 11, 107
Let c = -23 - -23. Let r(p) = p**3 + p**2 + 2*p - 10. Let n be r(c). Let v(g) = -g**3 - 11*g**2 - 13*g + 4. List the prime factors of v(n).
2, 17
Let i(q) = -q**3 - 22*q**2 - 24*q - 61. Let a be i(-21). Suppose -a*y = -10, 6*k = k + 2*y + 4015. What are the prime factors of k?
5, 7, 23
Let u(l) = -17*l + 28. Let h be u(-15). List the prime factors of -1*(-2 - -3)*(2 - h).
281
Suppose 70*i - 71*i = 25. What are the prime factors of (i/35)/((-4)/7924)?
5, 283
Suppose 0 = 3*s - 18 + 3. Suppose 2*p + p = z + 119, s*z = 2*p - 88. Let f = 113 + p. List the prime factors of f.
2, 19
Let i = 4206 + -1619. List the prime factors of i.
13, 199
Let a = 301 + -299. Le